[INFO] cloning repository https://github.com/elganzua124/librespot
[INFO] running `Command { std: "git" "-c" "credential.helper=" "-c" "credential.helper=/workspace/cargo-home/bin/git-credential-null" "clone" "--bare" "https://github.com/elganzua124/librespot" "/workspace/cache/git-repos/https%3A%2F%2Fgithub.com%2Felganzua124%2Flibrespot", kill_on_drop: false }`
[INFO] [stderr] Cloning into bare repository '/workspace/cache/git-repos/https%3A%2F%2Fgithub.com%2Felganzua124%2Flibrespot'...
[INFO] running `Command { std: "git" "rev-parse" "HEAD", kill_on_drop: false }`
[INFO] [stdout] 35635d225138e8c159a0b276a4b357cb0833cedf
[INFO] checking elganzua124/librespot against master#af3c6e733a40e671550e0f0f5aeecaa13772ba56 for pr-74989
[INFO] running `Command { std: "git" "clone" "/workspace/cache/git-repos/https%3A%2F%2Fgithub.com%2Felganzua124%2Flibrespot" "/workspace/builds/worker-1/source", kill_on_drop: false }`
[INFO] [stderr] Cloning into '/workspace/builds/worker-1/source'...
[INFO] [stderr] done.
[INFO] [stderr] Checking out files:  83% (855/1020)   
Checking out files:  84% (857/1020)   
Checking out files:  85% (867/1020)   
Checking out files:  86% (878/1020)   
Checking out files:  87% (888/1020)   
Checking out files:  88% (898/1020)   
Checking out files:  89% (908/1020)   
Checking out files:  90% (918/1020)   
Checking out files:  91% (929/1020)   
Checking out files:  92% (939/1020)   
Checking out files:  93% (949/1020)   
Checking out files:  94% (959/1020)   
Checking out files:  95% (969/1020)   
Checking out files:  96% (980/1020)   
Checking out files:  97% (990/1020)   
Checking out files:  98% (1000/1020)   
Checking out files:  99% (1010/1020)   
Checking out files: 100% (1020/1020)   
Checking out files: 100% (1020/1020), done.
[INFO] validating manifest of git repo https://github.com/elganzua124/librespot on toolchain af3c6e733a40e671550e0f0f5aeecaa13772ba56
[INFO] running `Command { std: "/workspace/cargo-home/bin/cargo" "+af3c6e733a40e671550e0f0f5aeecaa13772ba56" "read-manifest" "--manifest-path" "Cargo.toml", kill_on_drop: false }`
[INFO] started tweaking git repo https://github.com/elganzua124/librespot
[INFO] removed workspace from git repo https://github.com/elganzua124/librespot
[INFO] removed path dependency librespot-audio from git repo https://github.com/elganzua124/librespot
[INFO] removed path dependency librespot-connect from git repo https://github.com/elganzua124/librespot
[INFO] removed path dependency librespot-core from git repo https://github.com/elganzua124/librespot
[INFO] removed path dependency librespot-metadata from git repo https://github.com/elganzua124/librespot
[INFO] removed path dependency librespot-playback from git repo https://github.com/elganzua124/librespot
[INFO] removed path dependency librespot-protocol from git repo https://github.com/elganzua124/librespot
[INFO] finished tweaking git repo https://github.com/elganzua124/librespot
[INFO] tweaked toml for git repo https://github.com/elganzua124/librespot written to /workspace/builds/worker-1/source/Cargo.toml
[INFO] crate git repo https://github.com/elganzua124/librespot already has a lockfile, it will not be regenerated
[INFO] running `Command { std: "/workspace/cargo-home/bin/cargo" "+af3c6e733a40e671550e0f0f5aeecaa13772ba56" "fetch" "--locked" "--manifest-path" "Cargo.toml", kill_on_drop: false }`
[INFO] [stderr]     Updating crates.io index
[INFO] [stderr] error: the lock file /workspace/builds/worker-1/source/Cargo.lock needs to be updated but --locked was passed to prevent this
[INFO] [stderr] If you want to try to generate the lock file without accessing the network, use the --offline flag.
[INFO] the lockfile is outdated, regenerating it
[INFO] running `Command { std: "/workspace/cargo-home/bin/cargo" "+af3c6e733a40e671550e0f0f5aeecaa13772ba56" "generate-lockfile" "--manifest-path" "Cargo.toml" "-Zno-index-update", kill_on_drop: false }`
[INFO] running `Command { std: "/workspace/cargo-home/bin/cargo" "+af3c6e733a40e671550e0f0f5aeecaa13772ba56" "fetch" "--locked" "--manifest-path" "Cargo.toml", kill_on_drop: false }`
[INFO] running `Command { std: "docker" "create" "-v" "/var/lib/crater-agent-workspace/builds/worker-1/target:/opt/rustwide/target:rw,Z" "-v" "/var/lib/crater-agent-workspace/builds/worker-1/source:/opt/rustwide/workdir:ro,Z" "-v" "/var/lib/crater-agent-workspace/cargo-home:/opt/rustwide/cargo-home:ro,Z" "-v" "/var/lib/crater-agent-workspace/rustup-home:/opt/rustwide/rustup-home:ro,Z" "-e" "SOURCE_DIR=/opt/rustwide/workdir" "-e" "CARGO_TARGET_DIR=/opt/rustwide/target" "-e" "CARGO_HOME=/opt/rustwide/cargo-home" "-e" "RUSTUP_HOME=/opt/rustwide/rustup-home" "-w" "/opt/rustwide/workdir" "-m" "1610612736" "--user" "0:0" "--network" "none" "rustops/crates-build-env@sha256:d92eaeed33fa75130ca1ee6c8a01d1ffb62bac859dfdfb3450e3e5d1c0146529" "/opt/rustwide/cargo-home/bin/cargo" "+af3c6e733a40e671550e0f0f5aeecaa13772ba56" "metadata" "--no-deps" "--format-version=1", kill_on_drop: false }`
[INFO] [stdout] f8db959c402aee1f30d2cbad4e8aea5e1c8f4dd4e8b732fd2cba46c006d44deb
[INFO] [stderr] WARNING: Your kernel does not support swap limit capabilities or the cgroup is not mounted. Memory limited without swap.
[INFO] running `Command { std: "docker" "start" "-a" "f8db959c402aee1f30d2cbad4e8aea5e1c8f4dd4e8b732fd2cba46c006d44deb", kill_on_drop: false }`
[INFO] running `Command { std: "docker" "inspect" "f8db959c402aee1f30d2cbad4e8aea5e1c8f4dd4e8b732fd2cba46c006d44deb", kill_on_drop: false }`
[INFO] running `Command { std: "docker" "rm" "-f" "f8db959c402aee1f30d2cbad4e8aea5e1c8f4dd4e8b732fd2cba46c006d44deb", kill_on_drop: false }`
[INFO] [stdout] f8db959c402aee1f30d2cbad4e8aea5e1c8f4dd4e8b732fd2cba46c006d44deb
[INFO] running `Command { std: "docker" "create" "-v" "/var/lib/crater-agent-workspace/builds/worker-1/target:/opt/rustwide/target:rw,Z" "-v" "/var/lib/crater-agent-workspace/builds/worker-1/source:/opt/rustwide/workdir:ro,Z" "-v" "/var/lib/crater-agent-workspace/cargo-home:/opt/rustwide/cargo-home:ro,Z" "-v" "/var/lib/crater-agent-workspace/rustup-home:/opt/rustwide/rustup-home:ro,Z" "-e" "SOURCE_DIR=/opt/rustwide/workdir" "-e" "CARGO_TARGET_DIR=/opt/rustwide/target" "-e" "CARGO_INCREMENTAL=0" "-e" "RUST_BACKTRACE=full" "-e" "RUSTFLAGS=--cap-lints=forbid" "-e" "CARGO_HOME=/opt/rustwide/cargo-home" "-e" "RUSTUP_HOME=/opt/rustwide/rustup-home" "-w" "/opt/rustwide/workdir" "-m" "1610612736" "--user" "0:0" "--network" "none" "rustops/crates-build-env@sha256:d92eaeed33fa75130ca1ee6c8a01d1ffb62bac859dfdfb3450e3e5d1c0146529" "/opt/rustwide/cargo-home/bin/cargo" "+af3c6e733a40e671550e0f0f5aeecaa13772ba56" "check" "--frozen" "--all" "--all-targets" "--message-format=json", kill_on_drop: false }`
[INFO] [stdout] e6561d01e71f3aa939eb16f75c2ee697ea6a20d92f65b73b418f493c0ca2939c
[INFO] [stderr] WARNING: Your kernel does not support swap limit capabilities or the cgroup is not mounted. Memory limited without swap.
[INFO] running `Command { std: "docker" "start" "-a" "e6561d01e71f3aa939eb16f75c2ee697ea6a20d92f65b73b418f493c0ca2939c", kill_on_drop: false }`
[INFO] [stderr]    Compiling libc v0.2.77
[INFO] [stderr]    Compiling autocfg v1.0.1
[INFO] [stderr]     Checking cfg-if v0.1.10
[INFO] [stderr]    Compiling byteorder v1.3.4
[INFO] [stderr]     Checking lazy_static v1.4.0
[INFO] [stderr]    Compiling maybe-uninit v2.0.0
[INFO] [stderr]    Compiling log v0.4.11
[INFO] [stderr]    Compiling libm v0.2.1
[INFO] [stderr]     Checking scopeguard v1.1.0
[INFO] [stderr]     Checking slab v0.4.2
[INFO] [stderr]     Checking fnv v1.0.7
[INFO] [stderr]    Compiling autocfg v0.1.7
[INFO] [stderr]    Compiling version_check v0.9.2
[INFO] [stderr]    Compiling bitflags v1.2.1
[INFO] [stderr]    Compiling proc-macro2 v1.0.21
[INFO] [stderr]     Checking scoped-tls v0.1.2
[INFO] [stderr]    Compiling httparse v1.3.4
[INFO] [stderr]    Compiling unicode-xid v0.2.1
[INFO] [stderr]    Compiling ppv-lite86 v0.2.9
[INFO] [stderr]     Checking slab v0.3.0
[INFO] [stderr]    Compiling ryu v1.0.5
[INFO] [stderr]    Compiling glob v0.3.0
[INFO] [stderr]     Checking tinyvec v0.3.4
[INFO] [stderr]     Checking take v0.1.0
[INFO] [stderr]     Checking smallvec v0.2.1
[INFO] [stderr]     Checking try-lock v0.1.0
[INFO] [stderr]    Compiling pkg-config v0.3.18
[INFO] [stderr]    Compiling serde_json v1.0.57
[INFO] [stderr]     Checking rawpointer v0.2.1
[INFO] [stderr]     Checking quick-error v1.2.3
[INFO] [stderr]     Checking linear-map v1.2.0
[INFO] [stderr]     Checking c_linked_list v1.1.1
[INFO] [stderr]     Checking arc-swap v0.4.7
[INFO] [stderr]     Checking shell-words v0.1.0
[INFO] [stderr]     Checking termcolor v1.1.0
[INFO] [stderr]     Checking unicode-width v0.1.8
[INFO] [stderr]     Checking hex v0.3.2
[INFO] [stderr]     Checking tokio-service v0.1.0
[INFO] [stderr]     Checking relay v0.1.1
[INFO] [stderr]     Checking rand_core v0.3.1
[INFO] [stderr]     Checking crossbeam-utils v0.6.6
[INFO] [stderr]     Checking tokio-sync v0.1.8
[INFO] [stderr]     Checking lock_api v0.3.4
[INFO] [stderr]     Checking matrixmultiply v0.2.3
[INFO] [stderr]     Checking humantime v1.3.0
[INFO] [stderr]    Compiling rustc_version v0.2.3
[INFO] [stderr]     Checking unicode-normalization v0.1.13
[INFO] [stderr]    Compiling crossbeam-utils v0.7.2
[INFO] [stderr]    Compiling num-traits v0.2.12
[INFO] [stderr]    Compiling num-integer v0.1.43
[INFO] [stderr]    Compiling memoffset v0.5.5
[INFO] [stderr]    Compiling crossbeam-epoch v0.8.2
[INFO] [stderr]    Compiling num-bigint v0.2.6
[INFO] [stderr]    Compiling num-complex v0.2.4
[INFO] [stderr]    Compiling num-rational v0.2.4
[INFO] [stderr]    Compiling rand_pcg v0.1.2
[INFO] [stderr]    Compiling rand_chacha v0.1.1
[INFO] [stderr]    Compiling rand v0.6.5
[INFO] [stderr]    Compiling unicase v2.6.0
[INFO] [stderr]    Compiling error-chain v0.12.4
[INFO] [stderr]     Checking getopts v0.2.21
[INFO] [stderr]     Checking rand_isaac v0.1.1
[INFO] [stderr]     Checking rand_xorshift v0.1.1
[INFO] [stderr]     Checking rand_hc v0.1.0
[INFO] [stderr]     Checking multimap v0.8.2
[INFO] [stderr]     Checking crossbeam-queue v0.1.2
[INFO] [stderr]    Compiling parking_lot_core v0.6.2
[INFO] [stderr]    Compiling parking_lot v0.9.0
[INFO] [stderr]     Checking block-cipher-trait v0.6.2
[INFO] [stderr]     Checking crypto-mac v0.7.0
[INFO] [stderr]     Checking stream-cipher v0.3.2
[INFO] [stderr]     Checking smallvec v0.6.13
[INFO] [stderr]    Compiling protobuf-codegen-pure v2.14.0
[INFO] [stderr]     Checking log v0.3.9
[INFO] [stderr]     Checking want v0.0.4
[INFO] [stderr]    Compiling alsa-sys v0.1.2
[INFO] [stderr]     Checking idna v0.1.5
[INFO] [stderr]     Checking block-modes v0.3.3
[INFO] [stderr]     Checking ctr v0.3.2
[INFO] [stderr]     Checking hmac v0.7.1
[INFO] [stderr]     Checking base64 v0.9.3
[INFO] [stderr]     Checking block-buffer v0.7.3
[INFO] [stderr]     Checking aes-soft v0.3.3
[INFO] [stderr]     Checking base64 v0.10.1
[INFO] [stderr]     Checking shannon v0.2.0
[INFO] [stderr]     Checking ogg v0.7.0
[INFO] [stderr]    Compiling quote v1.0.7
[INFO] [stderr]     Checking iovec v0.1.4
[INFO] [stderr]     Checking num_cpus v1.13.0
[INFO] [stderr]     Checking net2 v0.2.35
[INFO] [stderr]     Checking getrandom v0.1.15
[INFO] [stderr]     Checking rand v0.4.6
[INFO] [stderr]     Checking rand_os v0.1.3
[INFO] [stderr]     Checking time v0.1.44
[INFO] [stderr]     Checking rand v0.5.6
[INFO] [stderr]     Checking get_if_addrs v0.5.3
[INFO] [stderr]     Checking hostname v0.3.1
[INFO] [stderr]     Checking signal-hook-registry v1.2.1
[INFO] [stderr]     Checking atty v0.2.14
[INFO] [stderr]     Checking rpassword v3.0.2
[INFO] [stderr]     Checking sha2 v0.8.2
[INFO] [stderr]     Checking sha-1 v0.8.2
[INFO] [stderr]     Checking aes v0.3.2
[INFO] [stderr]     Checking aes-ctr v0.3.0
[INFO] [stderr]     Checking bytes v0.4.12
[INFO] [stderr]     Checking tokio-executor v0.1.10
[INFO] [stderr]     Checking crossbeam-queue v0.2.3
[INFO] [stderr]     Checking lewton v0.9.4
[INFO] [stderr]    Compiling syn v1.0.40
[INFO] [stderr]     Checking futures-cpupool v0.1.8
[INFO] [stderr]     Checking url v1.7.2
[INFO] [stderr]     Checking rand_core v0.5.1
[INFO] [stderr]     Checking env_logger v0.6.2
[INFO] [stderr]     Checking mio v0.6.22
[INFO] [stderr]     Checking cpal v0.8.2
[INFO] [stderr]     Checking tokio-current-thread v0.1.7
[INFO] [stderr]     Checking tokio-timer v0.2.13
[INFO] [stderr]     Checking tokio-io v0.1.13
[INFO] [stderr]     Checking rand v0.3.23
[INFO] [stderr]     Checking crossbeam-deque v0.7.3
[INFO] [stderr]     Checking rand_chacha v0.2.2
[INFO] [stderr]     Checking approx v0.3.2
[INFO] [stderr]     Checking tokio-threadpool v0.1.18
[INFO] [stderr]     Checking pbkdf2 v0.3.0
[INFO] [stderr]     Checking rand v0.7.3
[INFO] [stderr]     Checking tokio-codec v0.1.2
[INFO] [stderr]    Compiling chrono v0.4.15
[INFO] [stderr]    Compiling librespot-protocol v0.1.3
[INFO] [stderr]     Checking alga v0.9.3
[INFO] [stderr]     Checking tokio-reactor v0.1.12
[INFO] [stderr]     Checking mio-uds v0.6.8
[INFO] [stderr]     Checking tokio-fs v0.1.7
[INFO] [stderr]     Checking uuid v0.7.4
[INFO] [stderr]     Checking tokio-udp v0.1.6
[INFO] [stderr]     Checking tokio-tcp v0.1.4
[INFO] [stderr]     Checking tokio-uds v0.2.7
[INFO] [stderr]     Checking tokio-signal v0.2.9
[INFO] [stderr]     Checking tokio-process v0.2.5
[INFO] [stderr]     Checking tokio v0.1.22
[INFO] [stderr]     Checking tempfile v3.1.0
[INFO] [stderr]     Checking tokio-core v0.1.17
[INFO] [stderr]    Compiling vergen v3.1.0
[INFO] [stderr]     Checking nalgebra v0.18.1
[INFO] [stderr]     Checking tokio-proto v0.1.1
[INFO] [stderr]     Checking libmdns v0.2.6
[INFO] [stderr]    Compiling librespot-core v0.1.3
[INFO] [stderr]    Compiling serde_derive v1.0.116
[INFO] [stderr]     Checking hyper v0.11.27
[INFO] [stderr]     Checking hyper-proxy v0.4.1
[INFO] [stderr]     Checking librespot-audio v0.1.3
[INFO] [stderr]     Checking librespot-metadata v0.1.3
[INFO] [stderr]     Checking rodio v0.9.0
[INFO] [stderr]     Checking librespot-playback v0.1.3
[INFO] [stderr]     Checking librespot-connect v0.1.3
[INFO] [stderr]     Checking librespot v0.1.0 (/opt/rustwide/workdir)
[INFO] [stdout] warning: trait objects without an explicit `dyn` are deprecated
[INFO] [stdout]   --> src/main.rs:89:40
[INFO] [stdout]    |
[INFO] [stdout] 89 |     backend: fn(Option<String>) -> Box<Sink>,
[INFO] [stdout]    |                                        ^^^^ help: use `dyn`: `dyn Sink`
[INFO] [stdout]    |
[INFO] [stdout]    = note: `#[warn(bare_trait_objects)]` on by default
[INFO] [stdout] 
[INFO] [stdout] 
[INFO] [stdout] warning: trait objects without an explicit `dyn` are deprecated
[INFO] [stdout]   --> src/main.rs:92:43
[INFO] [stdout]    |
[INFO] [stdout] 92 |     mixer: fn(Option<MixerConfig>) -> Box<Mixer>,
[INFO] [stdout]    |                                           ^^^^^ help: use `dyn`: `dyn Mixer`
[INFO] [stdout] 
[INFO] [stdout] 
[INFO] [stdout] warning: trait objects without an explicit `dyn` are deprecated
[INFO] [stdout]    --> src/main.rs:363:40
[INFO] [stdout]     |
[INFO] [stdout] 363 |     backend: fn(Option<String>) -> Box<Sink>,
[INFO] [stdout]     |                                        ^^^^ help: use `dyn`: `dyn Sink`
[INFO] [stdout] 
[INFO] [stdout] 
[INFO] [stdout] warning: trait objects without an explicit `dyn` are deprecated
[INFO] [stdout]    --> src/main.rs:365:43
[INFO] [stdout]     |
[INFO] [stdout] 365 |     mixer: fn(Option<MixerConfig>) -> Box<Mixer>,
[INFO] [stdout]     |                                           ^^^^^ help: use `dyn`: `dyn Mixer`
[INFO] [stdout] 
[INFO] [stdout] 
[INFO] [stdout] warning: trait objects without an explicit `dyn` are deprecated
[INFO] [stdout]    --> src/main.rs:374:18
[INFO] [stdout]     |
[INFO] [stdout] 374 |     connect: Box<Future<Item = Session, Error = io::Error>>,
[INFO] [stdout]     |                  ^^^^^^^^^^^^^^^^^^^^^^^^^^^^^^^^^^^^^^^^^ help: use `dyn`: `dyn Future<Item = Session, Error = io::Error>`
[INFO] [stdout] 
[INFO] [stdout] 
[INFO] [stdout] warning: trait objects without an explicit `dyn` are deprecated
[INFO] [stdout]   --> src/main.rs:89:40
[INFO] [stdout]    |
[INFO] [stdout] 89 |     backend: fn(Option<String>) -> Box<Sink>,
[INFO] [stdout]    |                                        ^^^^ help: use `dyn`: `dyn Sink`
[INFO] [stdout]    |
[INFO] [stdout]    = note: `#[warn(bare_trait_objects)]` on by default
[INFO] [stdout] 
[INFO] [stdout] 
[INFO] [stdout] warning: trait objects without an explicit `dyn` are deprecated
[INFO] [stdout]   --> src/main.rs:92:43
[INFO] [stdout]    |
[INFO] [stdout] 92 |     mixer: fn(Option<MixerConfig>) -> Box<Mixer>,
[INFO] [stdout]    |                                           ^^^^^ help: use `dyn`: `dyn Mixer`
[INFO] [stdout] 
[INFO] [stdout] 
[INFO] [stdout] warning: trait objects without an explicit `dyn` are deprecated
[INFO] [stdout]    --> src/main.rs:363:40
[INFO] [stdout]     |
[INFO] [stdout] 363 |     backend: fn(Option<String>) -> Box<Sink>,
[INFO] [stdout]     |                                        ^^^^ help: use `dyn`: `dyn Sink`
[INFO] [stdout] 
[INFO] [stdout] 
[INFO] [stdout] warning: trait objects without an explicit `dyn` are deprecated
[INFO] [stdout]    --> src/main.rs:365:43
[INFO] [stdout]     |
[INFO] [stdout] 365 |     mixer: fn(Option<MixerConfig>) -> Box<Mixer>,
[INFO] [stdout]     |                                           ^^^^^ help: use `dyn`: `dyn Mixer`
[INFO] [stdout] 
[INFO] [stdout] 
[INFO] [stdout] warning: trait objects without an explicit `dyn` are deprecated
[INFO] [stdout]    --> src/main.rs:374:18
[INFO] [stdout]     |
[INFO] [stdout] 374 |     connect: Box<Future<Item = Session, Error = io::Error>>,
[INFO] [stdout]     |                  ^^^^^^^^^^^^^^^^^^^^^^^^^^^^^^^^^^^^^^^^^ help: use `dyn`: `dyn Future<Item = Session, Error = io::Error>`
[INFO] [stdout] 
[INFO] [stdout] 
[INFO] [stdout] error[E0277]: the trait bound `u64: futures::future::Future` is not satisfied
[INFO] [stdout]   --> examples/play.rs:43:14
[INFO] [stdout]    |
[INFO] [stdout] 43 |     core.run(player.load(track, true, 0)).unwrap();
[INFO] [stdout]    |              ^^^^^^^^^^^^^^^^^^^^^^^^^^^ the trait `futures::future::Future` is not implemented for `u64`
[INFO] [stdout] 
[INFO] [stdout] 
[INFO] [stdout] error: aborting due to previous error
[INFO] [stdout] 
[INFO] [stdout] 
[INFO] [stdout] For more information about this error, try `rustc --explain E0277`.
[INFO] [stdout] 
[INFO] [stderr] error: could not compile `librespot`.
[INFO] [stderr] 
[INFO] [stderr] To learn more, run the command again with --verbose.
[INFO] [stderr] warning: build failed, waiting for other jobs to finish...
[INFO] [stdout] error[E0063]: missing field `mapped_volume` in initializer of `MixerConfig`
[INFO] [stdout]    --> src/main.rs:229:24
[INFO] [stdout]     |
[INFO] [stdout] 229 |     let mixer_config = MixerConfig {
[INFO] [stdout]     |                        ^^^^^^^^^^^ missing `mapped_volume`
[INFO] [stdout] 
[INFO] [stdout] 
[INFO] [stdout] error[E0063]: missing field `gapless` in initializer of `PlayerConfig`
[INFO] [stdout]    --> src/main.rs:315:9
[INFO] [stdout]     |
[INFO] [stdout] 315 |         PlayerConfig {
[INFO] [stdout]     |         ^^^^^^^^^^^^ missing `gapless`
[INFO] [stdout] 
[INFO] [stdout] 
[INFO] [stdout] error[E0560]: struct `ConnectConfig` has no field named `linear_volume`
[INFO] [stdout]    --> src/main.rs:336:13
[INFO] [stdout]     |
[INFO] [stdout] 336 |             linear_volume: matches.opt_present("linear-volume"),
[INFO] [stdout]     |             ^^^^^^^^^^^^^ `ConnectConfig` does not have this field
[INFO] [stdout]     |
[INFO] [stdout]     = note: available fields are: `name`, `device_type`, `volume`, `volume_ctrl`, `autoplay`
[INFO] [stdout] 
[INFO] [stdout] 
[INFO] [stdout] error[E0063]: missing field `mapped_volume` in initializer of `MixerConfig`
[INFO] [stdout]    --> src/main.rs:229:24
[INFO] [stdout]     |
[INFO] [stdout] 229 |     let mixer_config = MixerConfig {
[INFO] [stdout]     |                        ^^^^^^^^^^^ missing `mapped_volume`
[INFO] [stdout] 
[INFO] [stdout] 
[INFO] [stdout] error[E0063]: missing field `gapless` in initializer of `PlayerConfig`
[INFO] [stdout]    --> src/main.rs:315:9
[INFO] [stdout]     |
[INFO] [stdout] 315 |         PlayerConfig {
[INFO] [stdout]     |         ^^^^^^^^^^^^ missing `gapless`
[INFO] [stdout] 
[INFO] [stdout] 
[INFO] [stdout] error[E0560]: struct `ConnectConfig` has no field named `linear_volume`
[INFO] [stdout]    --> src/main.rs:336:13
[INFO] [stdout]     |
[INFO] [stdout] 336 |             linear_volume: matches.opt_present("linear-volume"),
[INFO] [stdout]     |             ^^^^^^^^^^^^^ `ConnectConfig` does not have this field
[INFO] [stdout]     |
[INFO] [stdout]     = note: available fields are: `name`, `device_type`, `volume`, `volume_ctrl`, `autoplay`
[INFO] [stdout] 
[INFO] [stdout] 
[INFO] [stdout] error[E0027]: pattern does not mention fields `play_request_id`, `position_ms`
[INFO] [stdout]   --> src/player_event_handler.rs:27:9
[INFO] [stdout]    |
[INFO] [stdout] 27 |         PlayerEvent::Started { track_id } => {
[INFO] [stdout]    |         ^^^^^^^^^^^^^^^^^^^^^^^^^^^^^^^^^ missing fields `play_request_id`, `position_ms`
[INFO] [stdout] 
[INFO] [stdout] 
[INFO] [stdout] error[E0027]: pattern does not mention field `play_request_id`
[INFO] [stdout]   --> src/player_event_handler.rs:31:9
[INFO] [stdout]    |
[INFO] [stdout] 31 |         PlayerEvent::Stopped { track_id } => {
[INFO] [stdout]    |         ^^^^^^^^^^^^^^^^^^^^^^^^^^^^^^^^^ missing field `play_request_id`
[INFO] [stdout] 
[INFO] [stdout] 
[INFO] [stdout] error: aborting due to 5 previous errors; 5 warnings emitted
[INFO] [stdout] 
[INFO] [stdout] 
[INFO] [stdout] Some errors have detailed explanations: E0027, E0063, E0560.
[INFO] [stdout] 
[INFO] [stdout] For more information about an error, try `rustc --explain E0027`.
[INFO] [stdout] 
[INFO] [stdout] error[E0027]: pattern does not mention fields `play_request_id`, `position_ms`
[INFO] [stdout]   --> src/player_event_handler.rs:27:9
[INFO] [stdout]    |
[INFO] [stdout] 27 |         PlayerEvent::Started { track_id } => {
[INFO] [stdout]    |         ^^^^^^^^^^^^^^^^^^^^^^^^^^^^^^^^^ missing fields `play_request_id`, `position_ms`
[INFO] [stdout] 
[INFO] [stdout] 
[INFO] [stdout] error[E0027]: pattern does not mention field `play_request_id`
[INFO] [stdout]   --> src/player_event_handler.rs:31:9
[INFO] [stdout]    |
[INFO] [stdout] 31 |         PlayerEvent::Stopped { track_id } => {
[INFO] [stdout]    |         ^^^^^^^^^^^^^^^^^^^^^^^^^^^^^^^^^ missing field `play_request_id`
[INFO] [stdout] 
[INFO] [stdout] 
[INFO] [stdout] error: aborting due to 5 previous errors; 5 warnings emitted
[INFO] [stdout] 
[INFO] [stdout] 
[INFO] [stdout] Some errors have detailed explanations: E0027, E0063, E0560.
[INFO] [stdout] 
[INFO] [stdout] For more information about an error, try `rustc --explain E0027`.
[INFO] [stdout] 
[INFO] [stderr] error: build failed
[INFO] running `Command { std: "docker" "inspect" "e6561d01e71f3aa939eb16f75c2ee697ea6a20d92f65b73b418f493c0ca2939c", kill_on_drop: false }`
[INFO] running `Command { std: "docker" "rm" "-f" "e6561d01e71f3aa939eb16f75c2ee697ea6a20d92f65b73b418f493c0ca2939c", kill_on_drop: false }`
[INFO] [stdout] e6561d01e71f3aa939eb16f75c2ee697ea6a20d92f65b73b418f493c0ca2939c
